0 = i + 3*a - 84. Let s = i - 28. Suppose -3*n = d - s, 2*d - 26 + 5 = -n. What are the prime factors of n?
17
Let q(u) = 251*u - 202. List the prime factors of q(14).
2, 3, 23
Suppose 6 = 5*s + j - 36, -22 = -4*s + 5*j. Suppose -3*l = -s - 4. Suppose -3*q + 23 - 8 = 2*m, 4*q = l*m. What are the prime factors of q?
3
Suppose -8760 = -152*g + 148*g. What are the prime factors of g?
2, 3, 5, 73
Let p be 34*3/(-8)*-8. Suppose -5*q + 2*n = -260, 12*q - 13*q + 52 = -n. Let c = p - q. What are the prime factors of c?
2, 5
Suppose -2*r - 3858 = 22*m - 26*m, -3*m - 3*r + 2907 = 0. List the prime factors of m.
2, 3, 7, 23
Let u be (19 + -23)*(-3)/4. Suppose u*n - 4*n = 14. Let r(y) = y**3 + 13*y**2 - 19*y - 6. What are the prime factors of r(n)?
2
Let x = 13 + -10. Suppose -4*y + 2*n + 16 = 0, 3*y = n - x*n + 19. Suppose 0 = t + 2*i - 29, 2*t - y*i - 46 = 3. List the prime factors of t.
3
Let h = 14 + -14. Suppose 2*x - 62 - 8 = h. List the prime factors of x.
5, 7
Let i = -45 - -49. Let h(m) = -m**2 + 9*m - 7. Let u(v) = -v**2 + v + 1. Let x(n) = -h(n) - 2*u(n). What are the prime factors of x(i)?
3
Let z(g) = -3*g**3 + 6*g**2 - 17*g - 13. What are the prime factors of z(-7)?
1429
Let s(g) = g**3 + 12*g**2 - 59*g - 17. List the prime factors of s(-15).
193
Suppose -o = -5*r - 0*o + 62, 5*o = -3*r + 54. Suppose -r = -w + 47. What are the prime factors of w?
2, 3, 5
Suppose -3*s + 5 + 4 = 0. Let z be (3 - (7 - s))*0. Suppose 0 = 5*k - z - 45. List the prime factors of k.
3
Suppose -l + 2 = -3, -2*s + 81 = -l. Let z = s + 72. What are the prime factors of z?
5, 23
Suppose 0 = 5*n + 3*f - 918, -4*n + 5*f - f = -760. What are the prime factors of n?
2, 3, 31
Suppose 2*v = 2*l - 810, 1210 = 3*l + 6*v - 4*v. List the prime factors of l.
2, 101
Let z = 541 - 506. List the prime factors of z.
5, 7
Let j be (-1)/(2/62) - -1. Let p be (-3 - (-15)/6)*j. Suppose -4*k - k = -p. What are the prime factors of k?
3
Let f = -32 - -34. Suppose 107 + 141 = 4*t. Suppose -f*z - t = -3*o, 2*z + 0*z - 70 = -3*o. What are the prime factors of o?
2, 11
Let s(y) = 3*y**2 + 2*y - 20. Let r(k) = -4*k**2 - k + 21. Let n(i) = 2*r(i) + 3*s(i). List the prime factors of n(8).
2, 3, 13
Let h = -5 + 7. Suppose z - 2*z - 4*m + 97 = 0, 318 = 4*z + h*m. What are the prime factors of z?
7, 11
Suppose -9*g = -2*g - 28. Suppose -4*r - 3*x - 6 + 73 = 0, 4*r + g*x - 72 = 0. List the prime factors of r.
13
Let u(h) = -13*h**3 + h**2. Let o be u(2). Let r = 740 + -783. Let q = r - o. What are the prime factors of q?
3, 19
Let b = 50 - 32. Let h = b + -4. Let z = h + 4. List the prime factors of z.
2, 3
Suppose -2*q - 12 = 2*q. Let v be 98/21 + (-1)/q. Suppose -4*t + v*p = 10 - 32, -5*t = -5*p - 30. List the prime factors of t.
2
Suppose -2*m + 134 = -2*p, -3*p + p = -3*m + 204. What are the prime factors of m?
2, 5, 7
Let l(h) = 3*h + 5. Let z be l(15). Suppose -6*g + z = -g. List the prime factors of g.
2, 5
Let m be (-4)/(-3) - 3*(-2)/9. Suppose 4*l = -f + 209, -1327 = -5*f + m*l - 392. List the prime factors of f.
3, 7
Suppose 0 = -2*z + t + 3, 0*t = 5*z - 3*t - 9. Suppose z = -j - 4*j + 30. List the prime factors of j.
2, 3
Suppose 0*g = 2*r + 2*g, r = -4*g - 9. Suppose i - 16 - 42 = 0. Suppose 2*t + 2*p = i, -4*p + 110 = 4*t - r*p. List the prime factors of t.
3
Let c = -6 + 8. Suppose -c*p + 4 = -0. Suppose 29 = 3*s - p*s - 4*z, 2*z = -2*s + 58. What are the prime factors of s?
29
Let q(a) = 2*a**2 + a - 6. Let i be q(6). Suppose -u = -b - 88, i = u + 2*b - 7*b. Let h = -56 + u. What are the prime factors of h?
2, 3
Let k = -21 + 20. Let w(r) = 23*r**2 + r - 1. What are the prime factors of w(k)?
3, 7
Let a(q) = q**3 + 18*q**2 + q + 11. Let r be a(-18). Let z(k) = 3*k**2 + 22*k + 10. What are the prime factors of z(r)?
3
Let c be ((-66)/(-9))/((-2)/(-42)). Suppose 4*m - c = -2. What are the prime factors of m?
2, 19
Suppose -7*v = -4*v - 2286. List the prime factors of v.
2, 3, 127
Suppose 4*r + 4*w = 0, -3 = -2*r + 3*w + 7. Suppose a = 3*p - 14, -p = a - r*p + 8. Let l = 17 + a. List the prime factors of l.
2, 3
Let j(r) = 1666*r**2 + r - 1. Let p be j(-1). Suppose -v - 12*v + p = 0. List the prime factors of v.
2
Let o(k) = -3 - 31*k - 9 + 32*k. List the prime factors of o(19).
7
Let l(y) = 2*y**3 - 10*y**2 + 33*y - 184. What are the prime factors of l(11)?
7, 233
List the prime factors of 469 - 30/20*(-4)/3.
3, 157
Let t(j) = 28*j**3 - 5*j**2 + 17*j + 15. List the prime factors of t(5).
5, 139
Suppose 0 = 4*w - 15 - 29. Suppose -4*j + w + 13 = -2*a, 76 = -3*a - 4*j. What are the prime factors of -1 - a - (3 + -2)?
2, 3
Suppose 0 = -5*p + 3*i - 600 + 2446, 5*p + i = 1838. List the prime factors of p.
2, 23
Suppose 5*g = 3*v + 457, 243 - 54 = 2*g + 5*v. Suppose 4*p = 3*p + g. Suppose k + 119 = 5*w + 5*k, -4*w - 4*k = -p. What are the prime factors of w?
3
Let r be (-15)/3 + 2 - 3. Let c be ((-10)/r)/((-3)/(-9)). Let w(o) = o**2 - o - 7. List the prime factors of w(c).
13
Let p(a) = a + 6. Let x be p(-4). List the prime factors of 29 + 1 - (2 + x).
2, 13
Suppose 0*i = -4*i - 232. Let t = 33 + i. Let m = -12 - t. List the prime factors of m.
13
Let g(v) = 17*v**2 - 4*v + 5. Let f = -20 + 24. List the prime factors of g(f).
3, 29
Suppose -5*l - 3*g - 664 = -0*l, -2*l - 3*g - 271 = 0. Let a = l + 243. List the prime factors of a.
2, 7
Let f = 37 + -47. What are the prime factors of 5 - (f/(-2) + -165)?
3, 5, 11
What are the prime factors of 8/(-10) + (-47842)/(-190)?
251
List the prime factors of (52/(-6))/(11/(23595/(-10))).
11, 13
Suppose -4*c + 5 = -3. Let f be 12*(-2)/(-2)*1. Suppose 3*d + s = 108, 4*d - 156 = c*s - f. What are the prime factors of d?
2, 3
Suppose -a - 4*a - 3*a = 0. Suppose 2*k = -3*j + 152 + 148, 5*k - 5*j - 700 = a. What are the prime factors of k?
2, 3
Suppose -11 - 14 = -5*c. Suppose -44 = -c*j + j. What are the prime factors of (3 + j)*(-6)/(-4)?
3, 7
Let y = 29 - 27. Suppose 8 = -y*a + 4*a. What are the prime factors of a?
2
List the prime factors of (-32)/(-16) - (-397 + 0 - 1).
2, 5
Let v(u) = u**2 - 4*u + 18. Let r(z) = -z**2 + 5*z - 21. Let b(m) = 5*r(m) + 6*v(m). Suppose 4*a - 12 = -40. List the prime factors of b(a).
3, 5
Let f = -2903 + 4590. List the prime factors of f.
7, 241
What are the prime factors of (0 - 0)*34/(-102) + 2256?
2, 3, 47
Let s(o) = 13*o**2 + 4*o + 25. What are the prime factors of s(-6)?
7, 67
Suppose 2*w - 83 = -2*a - a, -5*a - 5*w = -140. List the prime factors of a*((-20)/6 - (-10 - -6)).
2, 3
Let h be ((-9)/12)/(1/(-4)). Suppose h*t + 2*t = 200. List the prime factors of t.
2, 5
Suppose x = 3*l - x + 35, 3*x + 15 = 0. Let q = 14 - l. What are the prime factors of q?
29
Let a = 3166 - 1687. List the prime factors of a.
3, 17, 29
List the prime factors of 178752/63 + 1/(-3).
2837
Let h = -223 + 157. Let p = 14 - h. List the prime factors of p.
2, 5
Suppose 2*j - 267 = -59. Let h = 2 + j. Let z = -58 + h. List the prime factors of z.
2, 3
Suppose 3*d - 12 = -6. Suppose -5*v - 13 = -2*r, -5*v + 4 = -v + d*r. List the prime factors of (0 + v)/((-1)/67).
67
Let g(b) = 8*b**2 - 2*b - 3. Let a be g(-3). Let f = a + -46. List the prime factors of f.
29
Let y(c) = 2*c + 7. Let n be y(2). Suppose 0 = -r - 2. Let s = n + r. List the prime factors of s.
3
Suppose -91*n + 89*n = -6. Suppose -5*h - 21 + 535 = -n*y, 0 = 2*h + 2*y - 212. List the prime factors of h.
2, 13
Let r = -86 - -142. Suppose 0*w - r = -2*w. What are the prime factors of w?
2, 7
Let w(g) = -g**2 - 3*g - 9. Let h be w(-5). Let l = h - -71. List the prime factors of l.
2, 13
Let d(i) = i - 11. Let p be d(14). Let m(b) = -10*b**p - b - 3*b**2 - 2*b**2 + 3*b**2. What are the prime factors of m(-1)?
3
Suppose -5*t + 2*g = -32, 3*t - 3*g - 4 = 2*g. Let k = -26 - -68. Let s = k - t. List the prime factors of s.
2, 17
Suppose -89*w = -92*w + 9282. Suppose -w = -7*k - 6*k. What are the prime factors of k?
2, 7, 17
Let t = 15 + -16. What are the prime factors of (t - -5)*(-246)/(-12) - -2?
2, 3, 7
Suppose -5103 = -31*x + 1624. What are the prime factors of x?
7, 31
What are the prime factors of 2*(-11)/66*-11742?
2, 19, 103
Let b(u) = 3*u**3 - 243*u**2 - 178*u - 199. What are the prime factors of b(82)?
19, 283
Let p(t) be the third derivative of t**5/60 + t**4/4 - 7*t**3/2 + 5*t**